{"id":24,"date":"2024-03-20T21:53:06","date_gmt":"2024-03-20T20:53:06","guid":{"rendered":"https:\/\/cabinetorezza.fr\/?page_id=24"},"modified":"2024-04-15T05:18:00","modified_gmt":"2024-04-15T03:18:00","slug":"mentions-legales","status":"publish","type":"page","link":"https:\/\/www.cabinetorezza.fr\/?page_id=24","title":{"rendered":"Mentions l\u00e9gales"},"content":{"rendered":"\t\t<div data-elementor-type=\"wp-page\" data-elementor-id=\"24\" class=\"elementor elementor-24\" data-elementor-post-type=\"page\">\n\t\t\t\t<div class=\"elementor-element elementor-element-5daa5b9 e-flex e-con-boxed e-con e-parent\" data-id=\"5daa5b9\" data-element_type=\"container\" data-e-type=\"container\">\n\t\t\t\t\t<div class=\"e-con-inner\">\n\t\t\t\t<div class=\"elementor-element elementor-element-98dcdc7 elementor-widget elementor-widget-text-editor\" data-id=\"98dcdc7\" data-element_type=\"widget\" data-e-type=\"widget\" data-widget_type=\"text-editor.default\">\n\t\t\t\t<div class=\"elementor-widget-container\">\n\t\t\t\t\t\t\t\t\t<b>Mentions l\u00e9gales<\/b> <br> <br> \n\nEn conformit\u00e9 avec les dispositions de la loi n\u00b0 2004-575 du 21 juin 2004 pour la confiance en l&rsquo;\u00e9conomie num\u00e9rique, il est pr\u00e9cis\u00e9 aux utilisateurs du Site www.cabinetorezza.fr<span class=\"Apple-converted-space\">\u00a0 <\/span>l&rsquo;identit\u00e9 des diff\u00e9rents intervenants que ce soit dans le cadre de sa r\u00e9alisation et de son suivi.<br> <br> \n\n<b>Propri\u00e9taire du site<\/b> <br> \n\nCABINET OREZZA \u00e0 Carry-le-Rouet<br> \nrepr\u00e9sent\u00e9 par C\u00e9dric OREZZA<br> \nInfirmier lib\u00e9rale dipl\u00f4m\u00e9 d\u2019\u00c9tat inscrite \u00e0 l\u2019Ordre National des Infirmiers<br> <br> \n\nCABINET OREZZA<br> \n12 Avenue Draio de la Mar<br> \n13620 Carry-le-Rouet<br> \ninfo@cabinetorezza.fr<br> \nTel: +33 6 17 36 58 64<br> <br> \n\n<b>Responsable de publication<span class=\"Apple-converted-space\">\u00a0<\/span><\/b><br> \n\nMme Claudia GOMEZ<br> \nC&amp;N Consulting<br> \nclaudia@c-n-consulting.com<br> <br> \n\n<b>H\u00e9bergeur<span class=\"Apple-converted-space\">\u00a0<\/span><\/b><br> \n\nLe site<b> <\/b>www.cabinetorezza.fr est h\u00e9berg\u00e9 par la soci\u00e9t\u00e9 Hostinger International Ltd. 61 Rue Lordou Vironos, 6023, Larnaca, Chypre. Le stockage des donn\u00e9es personnelles des utilisateurs est exclusivement r\u00e9alis\u00e9 sur les centres de donn\u00e9es de la soci\u00e9t\u00e9 Hostinger International Ltd. 61 Rue Lordou Vironos, 6023, Larnaca, Chypre. Tous les centres de donn\u00e9es sur lesquels les donn\u00e9es du Site sont stock\u00e9es sont localis\u00e9s dans des Etats membres de l\u2019Union Europ\u00e9enne.<br> <br> \n\n<b>Pour nous contacter<span class=\"Apple-converted-space\">\u00a0<\/span><\/b>\n<ul>\n \t<li>Par t\u00e9l\u00e9phone : +33 6 1 7 36 58 64<\/li>\n \t<li>Par email :<span class=\"Apple-converted-space\">\u00a0 <\/span>info@cabinetorezza.fr<\/li>\n \t<li>Par courrier : 12 Avenue Draio de la Mar, 13620 Carry-le-Rouet<\/li>\n<\/ul> <br> \n<b>Votre vie priv\u00e9e &#8211; CNIL<span class=\"Apple-converted-space\">\u00a0<\/span><\/b><br> \n\nLe site ne recueille pas de mani\u00e8re automatis\u00e9e d\u2019informations personnelles, et n\u2019est pas assujetti \u00e0 d\u00e9claration \u00e0 la CNIL.\n\nUn formulaire de contact est disponible aux visiteurs du site. Ce formulaire envoie sur une bo\u00eete e-mail les informations que vous entrez dans les champs pr\u00e9vus \u00e0 cet effet. Ces informations envoy\u00e9es par le biais du formulaire de contact ne sont conserv\u00e9es que le temps de r\u00e9pondre \u00e0 votre message.\n<br> <br> \nPour toute question concernant vos donn\u00e9es personnelles, merci de nous contacter \u00e0 l\u2019adresse suivante: 12 Avenue Draio de la Mar, 13620 Carry-le-Rouet\n\n<span class=\"Apple-converted-space\">\u00a0<\/span>(en indiquant \u00ab\u00a0Vie Priv\u00e9e &#8211; Protection des Donn\u00e9es\u00a0\u00bb) ou par email \u00e0 info@cabinetorezza.fr\n<br> <br> \n<b>Respect de la propri\u00e9t\u00e9 intellectuelle<span class=\"Apple-converted-space\">\u00a0<\/span><\/b><br> \n\nToutes les marques, photographies, infographies, contenu textuel, commentaires, illustrations, images anim\u00e9es ou non, s\u00e9quences vid\u00e9o, sons, ainsi que toutes les applications informatiques qui pourraient \u00eatre utilis\u00e9es pour faire fonctionner le Site et plus g\u00e9n\u00e9ralement tous les \u00e9l\u00e9ments reproduits ou utilis\u00e9s sur le Site sont prot\u00e9g\u00e9s par les lois en vigueur au titre de la propri\u00e9t\u00e9 intellectuelle.<br> <br> \n\nIls sont la propri\u00e9t\u00e9 pleine et enti\u00e8re de l&rsquo;Editeur ou de ses partenaires, sauf mentions particuli\u00e8res. Toute reproduction, repr\u00e9sentation, utilisation ou adaptation, sous quelque forme que ce soit, de tout ou partie de ces \u00e9l\u00e9ments, y compris les applications informatiques, sans l&rsquo;accord pr\u00e9alable et \u00e9crit de l&rsquo;Editeur, sont strictement interdites. Le fait pour l&rsquo;Editeur de ne pas engager de proc\u00e9dure d\u00e8s la prise de connaissance de ces utilisations non autoris\u00e9es ne vaut pas acceptation desdites utilisations et renonciation aux poursuites.\n<br> <br> \nSeule l&rsquo;utilisation pour un usage priv\u00e9 dans un cercle de famille est autoris\u00e9e et toute autre utilisation est constitutive de contrefa\u00e7on et\/ou d&rsquo;atteinte aux droits voisins, sanctionn\u00e9es par Code de la propri\u00e9t\u00e9 intellectuelle.\n<br> <br> \nLa reprise de tout ou partie de ce contenu n\u00e9cessite l&rsquo;autorisation pr\u00e9alable de l&rsquo;\u00c9diteur ou du titulaire des droits sur ce contenu.\n<br> <br> \n<b>Liens hypertextes<span class=\"Apple-converted-space\">\u00a0<\/span><\/b>\n<br> \nLe Site www.cabinetorezza.fr peut contenir des liens hypertexte donnant acc\u00e8s \u00e0 d&rsquo;autres sites web \u00e9dit\u00e9s et g\u00e9r\u00e9s par des tiers. L&rsquo;Editeur ne pourra \u00eatre tenu responsable directement ou indirectement dans le cas o\u00f9 lesdits sites tiers ne respecteraient pas les dispositions l\u00e9gales.\n<br> <br> \nLa cr\u00e9ation de liens hypertexte vers le Site ne peut \u00eatre faite qu&rsquo;avec l&rsquo;autorisation \u00e9crite et pr\u00e9alable de l&rsquo;\u00c9diteur.\n<br> <br> \n<b>Mention sp\u00e9cifique<\/b>\n<br> \nCe site internet a pour but d\u2019informer les patients sur les soins pratiqu\u00e9s par le cabinet ainsi que de faciliter la prise de rendez-vous et l\u2019acc\u00e8s aux soins \u00e0 domicile ou au cabinet infirmier, et non de promouvoir son activit\u00e9, conform\u00e9ment aux directives de l\u2019Ordre National des Infirmiers.<br> \nCe site prend en compte l\u2019article R.4312-37 du Code de la Sant\u00e9 Publique.\t\t\t\t\t\t\t\t<\/div>\n\t\t\t\t<\/div>\n\t\t\t\t\t<\/div>\n\t\t\t\t<\/div>\n\t\t\t\t<\/div>\n\t\t","protected":false},"excerpt":{"rendered":"<p>Mentions l\u00e9gales En conformit\u00e9 avec les dispositions de la loi n\u00b0 2004-575 du 21 juin 2004 pour la confiance en l&rsquo;\u00e9conomie num\u00e9rique, il est pr\u00e9cis\u00e9 aux utilisateurs du Site www.cabinetorezza.fr\u00a0 l&rsquo;identit\u00e9 des diff\u00e9rents intervenants que ce soit dans le cadre de sa r\u00e9alisation et de son suivi. Propri\u00e9taire du site CABINET OREZZA \u00e0 Carry-le-Rouet repr\u00e9sent\u00e9 [&hellip;]<\/p>\n","protected":false},"author":1,"featured_media":0,"parent":0,"menu_order":0,"comment_status":"closed","ping_status":"closed","template":"","meta":{"ocean_post_layout":"full-screen","ocean_both_sidebars_style":"","ocean_both_sidebars_content_width":0,"ocean_both_sidebars_sidebars_width":0,"ocean_sidebar":"0","ocean_second_sidebar":"0","ocean_disable_margins":"enable","ocean_add_body_class":"","ocean_shortcode_before_top_bar":"","ocean_shortcode_after_top_bar":"","ocean_shortcode_before_header":"","ocean_shortcode_after_header":"","ocean_has_shortcode":"","ocean_shortcode_after_title":"","ocean_shortcode_before_footer_widgets":"","ocean_shortcode_after_footer_widgets":"","ocean_shortcode_before_footer_bottom":"","ocean_shortcode_after_footer_bottom":"","ocean_display_top_bar":"default","ocean_display_header":"default","ocean_header_style":"","ocean_center_header_left_menu":"0","ocean_custom_header_template":"0","ocean_custom_logo":0,"ocean_custom_retina_logo":0,"ocean_custom_logo_max_width":0,"ocean_custom_logo_tablet_max_width":0,"ocean_custom_logo_mobile_max_width":0,"ocean_custom_logo_max_height":0,"ocean_custom_logo_tablet_max_height":0,"ocean_custom_logo_mobile_max_height":0,"ocean_header_custom_menu":"0","ocean_menu_typo_font_family":"0","ocean_menu_typo_font_subset":"","ocean_menu_typo_font_size":0,"ocean_menu_typo_font_size_tablet":0,"ocean_menu_typo_font_size_mobile":0,"ocean_menu_typo_font_size_unit":"px","ocean_menu_typo_font_weight":"","ocean_menu_typo_font_weight_tablet":"","ocean_menu_typo_font_weight_mobile":"","ocean_menu_typo_transform":"","ocean_menu_typo_transform_tablet":"","ocean_menu_typo_transform_mobile":"","ocean_menu_typo_line_height":0,"ocean_menu_typo_line_height_tablet":0,"ocean_menu_typo_line_height_mobile":0,"ocean_menu_typo_line_height_unit":"","ocean_menu_typo_spacing":0,"ocean_menu_typo_spacing_tablet":0,"ocean_menu_typo_spacing_mobile":0,"ocean_menu_typo_spacing_unit":"","ocean_menu_link_color":"","ocean_menu_link_color_hover":"","ocean_menu_link_color_active":"","ocean_menu_link_background":"","ocean_menu_link_hover_background":"","ocean_menu_link_active_background":"","ocean_menu_social_links_bg":"","ocean_menu_social_hover_links_bg":"","ocean_menu_social_links_color":"","ocean_menu_social_hover_links_color":"","ocean_disable_title":"on","ocean_disable_heading":"default","ocean_post_title":"","ocean_post_subheading":"","ocean_post_title_style":"","ocean_post_title_background_color":"","ocean_post_title_background":0,"ocean_post_title_bg_image_position":"","ocean_post_title_bg_image_attachment":"","ocean_post_title_bg_image_repeat":"","ocean_post_title_bg_image_size":"","ocean_post_title_height":0,"ocean_post_title_bg_overlay":0.5,"ocean_post_title_bg_overlay_color":"","ocean_disable_breadcrumbs":"default","ocean_breadcrumbs_color":"","ocean_breadcrumbs_separator_color":"","ocean_breadcrumbs_links_color":"","ocean_breadcrumbs_links_hover_color":"","ocean_display_footer_widgets":"default","ocean_display_footer_bottom":"default","ocean_custom_footer_template":"0","_themeisle_gutenberg_block_has_review":false,"footnotes":""},"class_list":["post-24","page","type-page","status-publish","hentry","entry"],"yoast_head":"<!-- This site is optimized with the Yoast SEO plugin v27.5 - https:\/\/yoast.com\/product\/yoast-seo-wordpress\/ -->\n<title>Mentions l\u00e9gales - Cabinet infirmier lib\u00e9ral OREZZA C\u00f4te Bleue<\/title>\n<meta name=\"description\" content=\"Le Cabinet OREZZA a son secteur sur la C\u00f4te Bleue: Ensu\u00e8s-la-Redonne, Carry-le-Rouet, Sausset-les-Pins, Carro, La Couronne, St. Julien\" \/>\n<meta name=\"robots\" content=\"index, follow, max-snippet:-1, max-image-preview:large, max-video-preview:-1\" \/>\n<link rel=\"canonical\" href=\"https:\/\/www.cabinetorezza.fr\/?page_id=24\" \/>\n<meta property=\"og:locale\" content=\"fr_FR\" \/>\n<meta property=\"og:type\" content=\"article\" \/>\n<meta property=\"og:title\" content=\"Mentions l\u00e9gales - Cabinet infirmier lib\u00e9ral OREZZA C\u00f4te Bleue\" \/>\n<meta property=\"og:description\" content=\"Le Cabinet OREZZA a son secteur sur la C\u00f4te Bleue: Ensu\u00e8s-la-Redonne, Carry-le-Rouet, Sausset-les-Pins, Carro, La Couronne, St. Julien\" \/>\n<meta property=\"og:url\" content=\"https:\/\/www.cabinetorezza.fr\/?page_id=24\" \/>\n<meta property=\"og:site_name\" content=\"Cabinet Orezza sur la C\u00f4te Bleue\" \/>\n<meta property=\"article:modified_time\" content=\"2024-04-15T03:18:00+00:00\" \/>\n<meta name=\"twitter:card\" content=\"summary_large_image\" \/>\n<meta name=\"twitter:label1\" content=\"Dur\u00e9e de lecture estim\u00e9e\" \/>\n\t<meta name=\"twitter:data1\" content=\"4 minutes\" \/>\n<script type=\"application\/ld+json\" class=\"yoast-schema-graph\">{\"@context\":\"https:\\\/\\\/schema.org\",\"@graph\":[{\"@type\":\"WebPage\",\"@id\":\"https:\\\/\\\/www.cabinetorezza.fr\\\/?page_id=24\",\"url\":\"https:\\\/\\\/www.cabinetorezza.fr\\\/?page_id=24\",\"name\":\"Mentions l\u00e9gales - Cabinet infirmier lib\u00e9ral OREZZA C\u00f4te Bleue\",\"isPartOf\":{\"@id\":\"https:\\\/\\\/www.cabinetorezza.fr\\\/#website\"},\"datePublished\":\"2024-03-20T20:53:06+00:00\",\"dateModified\":\"2024-04-15T03:18:00+00:00\",\"description\":\"Le Cabinet OREZZA a son secteur sur la C\u00f4te Bleue: Ensu\u00e8s-la-Redonne, Carry-le-Rouet, Sausset-les-Pins, Carro, La Couronne, St. Julien\",\"breadcrumb\":{\"@id\":\"https:\\\/\\\/www.cabinetorezza.fr\\\/?page_id=24#breadcrumb\"},\"inLanguage\":\"fr-FR\",\"potentialAction\":[{\"@type\":\"ReadAction\",\"target\":[\"https:\\\/\\\/www.cabinetorezza.fr\\\/?page_id=24\"]}]},{\"@type\":\"BreadcrumbList\",\"@id\":\"https:\\\/\\\/www.cabinetorezza.fr\\\/?page_id=24#breadcrumb\",\"itemListElement\":[{\"@type\":\"ListItem\",\"position\":1,\"name\":\"Accueil\",\"item\":\"https:\\\/\\\/www.cabinetorezza.fr\\\/\"},{\"@type\":\"ListItem\",\"position\":2,\"name\":\"Mentions l\u00e9gales\"}]},{\"@type\":\"WebSite\",\"@id\":\"https:\\\/\\\/www.cabinetorezza.fr\\\/#website\",\"url\":\"https:\\\/\\\/www.cabinetorezza.fr\\\/\",\"name\":\"Cabinet infirmier lib\u00e9ral C\u00e9dric Orezza\",\"description\":\"\",\"publisher\":{\"@id\":\"https:\\\/\\\/www.cabinetorezza.fr\\\/#organization\"},\"potentialAction\":[{\"@type\":\"SearchAction\",\"target\":{\"@type\":\"EntryPoint\",\"urlTemplate\":\"https:\\\/\\\/www.cabinetorezza.fr\\\/?s={search_term_string}\"},\"query-input\":{\"@type\":\"PropertyValueSpecification\",\"valueRequired\":true,\"valueName\":\"search_term_string\"}}],\"inLanguage\":\"fr-FR\"},{\"@type\":\"Organization\",\"@id\":\"https:\\\/\\\/www.cabinetorezza.fr\\\/#organization\",\"name\":\"Cabinet infirmier lib\u00e9ral C\u00e9dric Orezza\",\"url\":\"https:\\\/\\\/www.cabinetorezza.fr\\\/\",\"logo\":{\"@type\":\"ImageObject\",\"inLanguage\":\"fr-FR\",\"@id\":\"https:\\\/\\\/www.cabinetorezza.fr\\\/#\\\/schema\\\/logo\\\/image\\\/\",\"url\":\"https:\\\/\\\/www.cabinetorezza.fr\\\/wp-content\\\/uploads\\\/2024\\\/03\\\/Capture-decran-2024-03-21-a-02.19.25.png\",\"contentUrl\":\"https:\\\/\\\/www.cabinetorezza.fr\\\/wp-content\\\/uploads\\\/2024\\\/03\\\/Capture-decran-2024-03-21-a-02.19.25.png\",\"width\":459,\"height\":62,\"caption\":\"Cabinet infirmier lib\u00e9ral C\u00e9dric Orezza\"},\"image\":{\"@id\":\"https:\\\/\\\/www.cabinetorezza.fr\\\/#\\\/schema\\\/logo\\\/image\\\/\"}}]}<\/script>\n<!-- \/ Yoast SEO plugin. -->","yoast_head_json":{"title":"Mentions l\u00e9gales - Cabinet infirmier lib\u00e9ral OREZZA C\u00f4te Bleue","description":"Le Cabinet OREZZA a son secteur sur la C\u00f4te Bleue: Ensu\u00e8s-la-Redonne, Carry-le-Rouet, Sausset-les-Pins, Carro, La Couronne, St. Julien","robots":{"index":"index","follow":"follow","max-snippet":"max-snippet:-1","max-image-preview":"max-image-preview:large","max-video-preview":"max-video-preview:-1"},"canonical":"https:\/\/www.cabinetorezza.fr\/?page_id=24","og_locale":"fr_FR","og_type":"article","og_title":"Mentions l\u00e9gales - Cabinet infirmier lib\u00e9ral OREZZA C\u00f4te Bleue","og_description":"Le Cabinet OREZZA a son secteur sur la C\u00f4te Bleue: Ensu\u00e8s-la-Redonne, Carry-le-Rouet, Sausset-les-Pins, Carro, La Couronne, St. Julien","og_url":"https:\/\/www.cabinetorezza.fr\/?page_id=24","og_site_name":"Cabinet Orezza sur la C\u00f4te Bleue","article_modified_time":"2024-04-15T03:18:00+00:00","twitter_card":"summary_large_image","twitter_misc":{"Dur\u00e9e de lecture estim\u00e9e":"4 minutes"},"schema":{"@context":"https:\/\/schema.org","@graph":[{"@type":"WebPage","@id":"https:\/\/www.cabinetorezza.fr\/?page_id=24","url":"https:\/\/www.cabinetorezza.fr\/?page_id=24","name":"Mentions l\u00e9gales - Cabinet infirmier lib\u00e9ral OREZZA C\u00f4te Bleue","isPartOf":{"@id":"https:\/\/www.cabinetorezza.fr\/#website"},"datePublished":"2024-03-20T20:53:06+00:00","dateModified":"2024-04-15T03:18:00+00:00","description":"Le Cabinet OREZZA a son secteur sur la C\u00f4te Bleue: Ensu\u00e8s-la-Redonne, Carry-le-Rouet, Sausset-les-Pins, Carro, La Couronne, St. Julien","breadcrumb":{"@id":"https:\/\/www.cabinetorezza.fr\/?page_id=24#breadcrumb"},"inLanguage":"fr-FR","potentialAction":[{"@type":"ReadAction","target":["https:\/\/www.cabinetorezza.fr\/?page_id=24"]}]},{"@type":"BreadcrumbList","@id":"https:\/\/www.cabinetorezza.fr\/?page_id=24#breadcrumb","itemListElement":[{"@type":"ListItem","position":1,"name":"Accueil","item":"https:\/\/www.cabinetorezza.fr\/"},{"@type":"ListItem","position":2,"name":"Mentions l\u00e9gales"}]},{"@type":"WebSite","@id":"https:\/\/www.cabinetorezza.fr\/#website","url":"https:\/\/www.cabinetorezza.fr\/","name":"Cabinet infirmier lib\u00e9ral C\u00e9dric Orezza","description":"","publisher":{"@id":"https:\/\/www.cabinetorezza.fr\/#organization"},"potentialAction":[{"@type":"SearchAction","target":{"@type":"EntryPoint","urlTemplate":"https:\/\/www.cabinetorezza.fr\/?s={search_term_string}"},"query-input":{"@type":"PropertyValueSpecification","valueRequired":true,"valueName":"search_term_string"}}],"inLanguage":"fr-FR"},{"@type":"Organization","@id":"https:\/\/www.cabinetorezza.fr\/#organization","name":"Cabinet infirmier lib\u00e9ral C\u00e9dric Orezza","url":"https:\/\/www.cabinetorezza.fr\/","logo":{"@type":"ImageObject","inLanguage":"fr-FR","@id":"https:\/\/www.cabinetorezza.fr\/#\/schema\/logo\/image\/","url":"https:\/\/www.cabinetorezza.fr\/wp-content\/uploads\/2024\/03\/Capture-decran-2024-03-21-a-02.19.25.png","contentUrl":"https:\/\/www.cabinetorezza.fr\/wp-content\/uploads\/2024\/03\/Capture-decran-2024-03-21-a-02.19.25.png","width":459,"height":62,"caption":"Cabinet infirmier lib\u00e9ral C\u00e9dric Orezza"},"image":{"@id":"https:\/\/www.cabinetorezza.fr\/#\/schema\/logo\/image\/"}}]}},"_links":{"self":[{"href":"https:\/\/www.cabinetorezza.fr\/index.php?rest_route=\/wp\/v2\/pages\/24","targetHints":{"allow":["GET"]}}],"collection":[{"href":"https:\/\/www.cabinetorezza.fr\/index.php?rest_route=\/wp\/v2\/pages"}],"about":[{"href":"https:\/\/www.cabinetorezza.fr\/index.php?rest_route=\/wp\/v2\/types\/page"}],"author":[{"embeddable":true,"href":"https:\/\/www.cabinetorezza.fr\/index.php?rest_route=\/wp\/v2\/users\/1"}],"replies":[{"embeddable":true,"href":"https:\/\/www.cabinetorezza.fr\/index.php?rest_route=%2Fwp%2Fv2%2Fcomments&post=24"}],"version-history":[{"count":8,"href":"https:\/\/www.cabinetorezza.fr\/index.php?rest_route=\/wp\/v2\/pages\/24\/revisions"}],"predecessor-version":[{"id":646,"href":"https:\/\/www.cabinetorezza.fr\/index.php?rest_route=\/wp\/v2\/pages\/24\/revisions\/646"}],"wp:attachment":[{"href":"https:\/\/www.cabinetorezza.fr\/index.php?rest_route=%2Fwp%2Fv2%2Fmedia&parent=24"}],"curies":[{"name":"wp","href":"https:\/\/api.w.org\/{rel}","templated":true}]}}